22273
What are the prime factors of 2911?
41, 71
What are the prime factors of 1400?
2, 5, 7
List the prime factors of 12489.
3, 23, 181
What are the prime factors of 549?
3, 61
What are the prime factors of 951?
3, 317
What are the prime factors of 691?
691
List the prime factors of 1437.
3, 479
What are the prime factors of 5220?
2, 3, 5, 29
List the prime factors of 875.
5, 7
What are the prime factors of 261?
3, 29
List the prime factors of 26466.
2, 3, 11, 401
What are the prime factors of 9176?
2, 31, 37
List the prime factors of 9300.
2, 3, 5, 31
List the prime factors of 48043.
107, 449
What are the prime factors of 24100?
2, 5, 241
What are the prime factors of 97120?
2, 5, 607
List the prime factors of 18638.
2, 9319
List the prime factors of 121.
11
List the prime factors of 371.
7, 53
What are the prime factors of 44?
2, 11
List the prime factors of 11103.
3, 3701
List the prime factors of 7089.
3, 17, 139
List the prime factors of 2367.
3, 263
List the prime factors of 167427.
3, 13, 53
List the prime factors of 81787.
17, 283
List the prime factors of 131075.
5, 7, 107
What are the prime factors of 66667?
163, 409
What are the prime factors of 3788?
2, 947
List the prime factors of 11250.
2, 3, 5
List the prime factors of 2101.
11, 191
List the prime factors of 20444.
2, 19, 269
What are the prime factors of 1363?
29, 47
What are the prime factors of 8712?
2, 3, 11
What are the prime factors of 5007?
3, 1669
What are the prime factors of 5812?
2, 1453
What are the prime factors of 63737?
63737
List the prime factors of 3872.
2, 11
List the prime factors of 30690.
2, 3, 5, 11, 31
What are the prime factors of 1178?
2, 19, 31
List the prime factors of 2535.
3, 5, 13
What are the prime factors of 15300?
2, 3, 5, 17
List the prime factors of 29719.
113, 263
List the prime factors of 2187.
3
What are the prime factors of 5859?
3, 7, 31
What are the prime factors of 168?
2, 3, 7
List the prime factors of 32.
2
List the prime factors of 11838.
2, 3, 1973
What are the prime factors of 1420?
2, 5, 71
List the prime factors of 917.
7, 131
What are the prime factors of 2756?
2, 13, 53
What are the prime factors of 10317?
3, 19, 181
List the prime factors of 12426.
2, 3, 19, 109
What are the prime factors of 14480?
2, 5, 181
What are the prime factors of 4540?
2, 5, 227
What are the prime factors of 86327?
173, 499
What are the prime factors of 17468?
2, 11, 397
What are the prime factors of 51659?
51659
List the prime factors of 10745.
5, 7, 307
What are the prime factors of 26076?
2, 3, 41, 53
List the prime factors of 18052.
2, 4513
What are the prime factors of 389?
389
What are the prime factors of 2024?
2, 11, 23
What are the prime factors of 985?
5, 197
What are the prime factors of 13521?
3, 4507
What are the prime factors of 14010?
2, 3, 5, 467
List the prime factors of 12828.
2, 3, 1069
What are the prime factors of 343?
7
What are the prime factors of 69361?
139, 499
What are the prime factors of 1695?
3, 5, 113
What are the prime factors of 2338?
2, 7, 167
What are the prime factors of 12446?
2, 7, 127
What are the prime factors of 2371?
2371
What are the prime factors of 1581?
3, 17, 31
What are the prime factors of 75546?
2, 3, 1399
List the prime factors of 523.
523
List the prime factors of 182509.
182509
What are the prime factors of 584?
2, 73
List the prime factors of 172.
2, 43
List the prime factors of 42357.
3, 7, 2017
What are the prime factors of 4930?
2, 5, 17, 29
List the prime factors of 1152.
2, 3
What are the prime factors of 11512?
2, 1439
What are the prime factors of 13590?
2, 3, 5, 151
List the prime factors of 111634.
2, 55817
What are the prime factors of 78506?
2, 17, 2309
What are the prime factors of 27653?
27653
What are the prime factors of 1208?
2, 151
What are the prime factors of 23026?
2, 29, 397
List the prime factors of 55910.
2, 5, 5591
List the prime factors of 54750.
2, 3, 5, 73
List the prime factors of 2323.
23, 101
What are the prime factors of 1283?
1283
List the prime factors of 1064.
2, 7, 19
List the prime factors of 1713.
3, 571
List the prime factors of 37349.
13, 17
List the prime factors of 11824.
2, 739
What are the prime factors of 83922?
2, 3, 71, 197
List the prime factors of 1918.
2, 7, 137
What are the prime factors of 4915?
5, 983
What are the prime factors of 12491?
12491
List the prime factors of 53761.
37, 1453
List the prime factors of 2560.
2, 5
What are the prime factors of 595?
5, 7, 17
List the prime factors of 1350.
2, 3, 5
List the prime factors of 1695.
3, 5, 113
What are the prime factors of 3627?
3, 13, 31
What are the prime factors of 6496?
2, 7, 29
What are the prime factors of 17203?
17203
List the prime factors of 24025.
5, 31
What are the prime factors of 1278?
2, 3, 71
What are the prime factors of 31336?
2, 3917
What are the prime factors of 881?
881
List the prime factors of 721.
7, 103
What are the prime factors of 17?
17
List the prime factors of 2632.
2, 7, 47
What are the prime factors of 7973?
7, 17, 67
List the prime factors of 759.
3, 11, 23
List the prime factors of 4364.
2, 1091
List the prime factors of 5563.
5563
What are the prime factors of 22225?
5, 7, 127
What are the prime factors of 12087?
3, 17, 79
What are the prime factors of 2549?
2549
List the prime factors of 1335.
3, 5, 89
What are the prime factors of 3929?
3929
What are the prime factors of 5034?
2, 3, 839
List the prime factors of 964.
2, 241
What are the prime factors of 3219?
3, 29, 37
What are the prime factors of 316?
2, 79
List the prime factors of 283.
283
What are the prime factors of 557?
557
List the prime factors of 9215.
5, 19, 97
List the prime factors of 922.
2, 461
List the prime factors of 183.
3, 61
List the prime factors of 2590.
2, 5, 7, 37
List the prime factors of 27178.
2, 107, 127
List the prime factors of 4379.
29, 151
What are the prime factors of 876?
2, 3, 73
List the prime factors of 2974.
2, 1487
List the prime factors of 28712.
2, 37, 97
List the prime factors of 135.
3, 5
What are the prime factors of 120521?
191, 631
What are the prime factors of 1146?
2, 3, 191
List the prime factors of 5194.
2, 7, 53
What are the prime factors of 1667?
1667
List the prime factors of 1026.
2, 3, 19
What are the prime factors of 31983?
3, 7, 1523
List the prime factors of 62690.
2, 5, 6269
List the prime factors of 70635.
3, 5, 17, 277
List the prime factors of 15751.
19, 829
List the prime factors of 42818.
2, 79, 271
List the prime factors of 137.
137
What are the prime factors of 18140?
2, 5, 907
What are the prime factors of 2339?
2339
List the prime factors of 19848.
2, 3, 827
What are the prime factors of 585?
3, 5, 13
List the prime factors of 812.
2, 7, 29
What are the prime factors of 10710?
2, 3, 5, 7, 17
List the prime factors of 7301.
7, 149
What are the prime factors of 835?
5, 167
What are the prime factors of 9131?
23, 397
List the prime factors of 99941.
139, 719
What are the prime factors of 19?
19
List the prime factors of 37981.
19, 1999
List the prime factors of 428.
2, 107
List the prime factors of 7606.
2, 3803
What are the prime factors of 3228?
2, 3, 269
List the prime factors of 55850.
2, 5, 1117
What are the prime factors of 17929?
17929
List the prime factors of 62435.
5, 12487
What are the prime factors of 29144?
2, 3643
What are the prime factors of 62470?
2, 5, 6247
List the prime factors of 165.
3, 5, 11
List the prime factors of 2001.
3, 23, 29
What are the prime factors of 51?
3, 17
What are the prime factors of 4967?
4967
What are the prime factors of 92934?
2, 3, 1721
List the prime factors of 827.
827
What are the prime factors of 68956?
2, 17239
What are the prime factors of 2310?
2, 3, 5, 7, 11
List the prime factors of 814.
2, 11, 37
What are the prime factors of 1635?
3, 5, 109
List the prime factors of 8012.
2, 2003
List the prime factors of 4881.
3, 1627
List the prime factors of 35308.
2, 7, 13, 97
List the prime factors of 522.
2, 3, 29
List the prime factors of 3018.
2, 3, 503
List the prime factors of 1154.
2, 577
List the prime factors of 12658.
2, 6329
What are the prime factors of 13281?
3, 19, 233
What are the prime factors of 3141?
3, 349
What are the prime factors of 593?
593
What are the prime factors of 280